{"id":1236,"date":"2024-04-21T20:09:26","date_gmt":"2024-04-22T01:09:26","guid":{"rendered":"https:\/\/amapolanature.site\/?post_type=product&#038;p=1236"},"modified":"2024-04-21T20:48:13","modified_gmt":"2024-04-22T01:48:13","slug":"carbon-activado-y-calendula","status":"publish","type":"product","link":"https:\/\/amapolanature.site\/index.php\/product\/carbon-activado-y-calendula\/","title":{"rendered":"Carb\u00f3n Activado y Cal\u00e9ndula"},"content":{"rendered":"<p>Nuestros jabones artesanos est\u00e1n elaborados s\u00f3lo con materia prima natural y todos los aceites utilizados son vegetales.<\/p>\n","protected":false},"excerpt":{"rendered":"<p>Puedes usarlo para el rostro o espalda, es ideal para secar granitos super r\u00e1pido, tiene acci\u00f3n astringente lo cual es esencial para que los poros est\u00e9n limpios, de esta manera no se infectan previniendo la aparici\u00f3n de nuevos. Gracias a su combinaci\u00f3n con cal\u00e9ndula tiene acci\u00f3n desinflamatoria para tratar todas las irritaciones producidas por el acn\u00e9.<\/p>\n","protected":false},"featured_media":1237,"template":"","meta":{"site-sidebar-layout":"default","site-content-layout":"default","ast-main-header-display":"","ast-hfb-above-header-display":"","ast-hfb-below-header-display":"","ast-hfb-mobile-header-display":"","site-post-title":"","ast-breadcrumbs-content":"","ast-featured-img":"","footer-sml-layout":"","theme-transparent-header-meta":"default","adv-header-id-meta":"","stick-header-meta":"default","header-above-stick-meta":"","header-main-stick-meta":"","header-below-stick-meta":""},"product_cat":[28],"product_tag":[],"_links":{"self":[{"href":"https:\/\/amapolanature.site\/index.php\/wp-json\/wp\/v2\/product\/1236"}],"collection":[{"href":"https:\/\/amapolanature.site\/index.php\/wp-json\/wp\/v2\/product"}],"about":[{"href":"https:\/\/amapolanature.site\/index.php\/wp-json\/wp\/v2\/types\/product"}],"version-history":[{"count":3,"href":"https:\/\/amapolanature.site\/index.php\/wp-json\/wp\/v2\/product\/1236\/revisions"}],"predecessor-version":[{"id":1272,"href":"https:\/\/amapolanature.site\/index.php\/wp-json\/wp\/v2\/product\/1236\/revisions\/1272"}],"wp:featuredmedia":[{"embeddable":true,"href":"https:\/\/amapolanature.site\/index.php\/wp-json\/wp\/v2\/media\/1237"}],"wp:attachment":[{"href":"https:\/\/amapolanature.site\/index.php\/wp-json\/wp\/v2\/media?parent=1236"}],"wp:term":[{"taxonomy":"product_cat","embeddable":true,"href":"https:\/\/amapolanature.site\/index.php\/wp-json\/wp\/v2\/product_cat?post=1236"},{"taxonomy":"product_tag","embeddable":true,"href":"https:\/\/amapolanature.site\/index.php\/wp-json\/wp\/v2\/product_tag?post=1236"}],"curies":[{"name":"wp","href":"https:\/\/api.w.org\/{rel}","templated":true}]}}