{"id":1216,"date":"2024-04-21T19:57:15","date_gmt":"2024-04-22T00:57:15","guid":{"rendered":"https:\/\/amapolanature.site\/?post_type=product&#038;p=1216"},"modified":"2024-04-21T20:54:35","modified_gmt":"2024-04-22T01:54:35","slug":"piedra-de-alumbre","status":"publish","type":"product","link":"https:\/\/amapolanature.site\/index.php\/product\/piedra-de-alumbre\/","title":{"rendered":"Piedra de Alumbre"},"content":{"rendered":"<p>Nuestros jabones artesanos est\u00e1n elaborados s\u00f3lo con materia prima natural y todos los aceites utilizados son vegetales.<\/p>\n","protected":false},"excerpt":{"rendered":"<p>El jab\u00f3n de piedra alumbre contiene alumbre, un mineral con propiedades astringentes que pueden ayudar a reducir la inflamaci\u00f3n y a tonificar la piel. Adem\u00e1s, el alumbre tambi\u00e9n puede ayudar a controlar el exceso de sebo y a prevenir el acn\u00e9.<\/p>\n","protected":false},"featured_media":1207,"template":"","meta":{"site-sidebar-layout":"default","site-content-layout":"default","ast-main-header-display":"","ast-hfb-above-header-display":"","ast-hfb-below-header-display":"","ast-hfb-mobile-header-display":"","site-post-title":"","ast-breadcrumbs-content":"","ast-featured-img":"","footer-sml-layout":"","theme-transparent-header-meta":"default","adv-header-id-meta":"","stick-header-meta":"default","header-above-stick-meta":"","header-main-stick-meta":"","header-below-stick-meta":""},"product_cat":[28],"product_tag":[],"_links":{"self":[{"href":"https:\/\/amapolanature.site\/index.php\/wp-json\/wp\/v2\/product\/1216"}],"collection":[{"href":"https:\/\/amapolanature.site\/index.php\/wp-json\/wp\/v2\/product"}],"about":[{"href":"https:\/\/amapolanature.site\/index.php\/wp-json\/wp\/v2\/types\/product"}],"version-history":[{"count":2,"href":"https:\/\/amapolanature.site\/index.php\/wp-json\/wp\/v2\/product\/1216\/revisions"}],"predecessor-version":[{"id":1283,"href":"https:\/\/amapolanature.site\/index.php\/wp-json\/wp\/v2\/product\/1216\/revisions\/1283"}],"wp:featuredmedia":[{"embeddable":true,"href":"https:\/\/amapolanature.site\/index.php\/wp-json\/wp\/v2\/media\/1207"}],"wp:attachment":[{"href":"https:\/\/amapolanature.site\/index.php\/wp-json\/wp\/v2\/media?parent=1216"}],"wp:term":[{"taxonomy":"product_cat","embeddable":true,"href":"https:\/\/amapolanature.site\/index.php\/wp-json\/wp\/v2\/product_cat?post=1216"},{"taxonomy":"product_tag","embeddable":true,"href":"https:\/\/amapolanature.site\/index.php\/wp-json\/wp\/v2\/product_tag?post=1216"}],"curies":[{"name":"wp","href":"https:\/\/api.w.org\/{rel}","templated":true}]}}